 and 584?
292
What is the highest common divisor of 5778 and 918?
54
Calculate the greatest common factor of 20722107 and 21.
21
Calculate the greatest common divisor of 21 and 7113.
3
Calculate the greatest common divisor of 10 and 27586.
2
What is the highest common factor of 140624 and 1584?
176
Calculate the greatest common factor of 5977 and 20511.
43
What is the greatest common divisor of 75 and 96?
3
What is the highest common factor of 97692 and 252?
84
What is the greatest common divisor of 4498 and 597888?
346
Calculate the highest common divisor of 3628166 and 2.
2
What is the greatest common divisor of 1246286 and 399?
19
What is the highest common factor of 1195729 and 629?
629
What is the greatest common divisor of 2676 and 2706105?
669
Calculate the highest common divisor of 9116 and 16684.
172
Calculate the highest common factor of 462 and 5502.
42
Calculate the greatest common divisor of 1818 and 2502.
18
Calculate the highest common factor of 144 and 37632.
48
Calculate the greatest common factor of 89054 and 14.
14
Calculate the highest common divisor of 5181 and 12705.
33
What is the greatest common divisor of 10016 and 1312?
32
Calculate the highest common divisor of 8082 and 15266.
898
What is the highest common factor of 45 and 1845?
45
Calculate the greatest common factor of 24465 and 10.
5
Calculate the highest common factor of 738472 and 112.
56
Calculate the highest common divisor of 476853 and 39.
39
Calculate the greatest common factor of 23707 and 1413.
157
Calculate the greatest common divisor of 231564 and 483.
69
Calculate the greatest common divisor of 2336 and 72480.
32
Calculate the greatest common divisor of 873 and 11737.
97
What is the greatest common factor of 8685 and 99?
9
Calculate the greatest common factor of 372 and 94488.
372
What is the highest common factor of 51414 and 338086?
1558
What is the greatest common divisor of 45 and 7513680?
15
Calculate the greatest common factor of 9 and 44918.
1
Calculate the greatest common factor of 1020750 and 1500.
750
What is the highest common factor of 957 and 26158?
319
Calculate the highest common factor of 34764 and 876.
12
Calculate the greatest common factor of 28 and 19271.
7
What is the greatest common divisor of 2261 and 317509?
323
What is the greatest common divisor of 152694 and 306?
306
Calculate the highest common factor of 770242 and 154.
22
Calculate the greatest common factor of 218456 and 752.
376
What is the highest common divisor of 303327 and 18?
9
Calculate the greatest common divisor of 84164 and 2544.
212
Calculate the greatest common factor of 17 and 12923.
1
What is the highest common factor of 3840 and 810?
30
What is the greatest common divisor of 489607 and 29?
29
Calculate the highest common divisor of 12924 and 46670.
718
What is the highest common divisor of 42 and 399021?
21
What is the greatest common divisor of 485108 and 6916?
988
Calculate the greatest common divisor of 851 and 1357.
23
Calculate the highest common divisor of 256958 and 130.
26
Calculate the greatest common factor of 20344 and 328.
8
Calculate the greatest common divisor of 253 and 686251.
23
What is the greatest common factor of 231 and 10941?
21
Calculate the greatest common factor of 44149 and 85799.
833
What is the greatest common divisor of 25116227 and 317?
317
Calculate the highest common divisor of 274407 and 584.
73
Calculate the greatest common factor of 36730 and 2110.
10
Calculate the greatest common divisor of 915728 and 32.
16
What is the greatest common divisor of 95 and 22781?
19
Calculate the greatest common divisor of 2318783 and 187.
17
Calculate the highest common factor of 142616 and 148.
4
What is the greatest common factor of 5474 and 10557?
391
What is the highest common factor of 2709 and 27864?
387
What is the highest common factor of 13 and 4064112?
13
What is the highest common divisor of 1023225 and 42?
21
What is the highest common factor of 2853052 and 596?
596
What is the highest common divisor of 50105 and 220?
55
What is the greatest common divisor of 619 and 116?
1
Calculate the greatest common divisor of 46 and 161.
23
Calculate the highest common factor of 4338 and 1046181.
723
What is the highest common factor of 216208 and 112?
16
Calculate the highest common factor of 8718931 and 1651.
1651
Calculate the greatest common factor of 1011468 and 31.
31
What is the highest common factor of 5185523 and 7?
7
What is the greatest common factor of 30 and 45246?
6
What is the greatest common factor of 215606 and 268?
134
Calculate the greatest common divisor of 32172 and 252.
84
Calculate the greatest common factor of 1092 and 26124.
84
What is the highest common factor of 73718 and 6232?
82
What is the highest common factor of 95658 and 3531?
321
Calculate the greatest common divisor of 60 and 38436.
12
Calculate the highest common factor of 4347 and 10647.
63
Calculate the greatest common factor of 472 and 872.
8
What is the highest common factor of 84770 and 105?
35
What is the greatest common factor of 69287 and 1436?
359
Calculate the highest common divisor of 26345 and 4311.
479
What is the highest common factor of 21967 and 264?
11
What is the greatest common factor of 130 and 1006?
2
Calculate the greatest common divisor of 11305 and 2241620.
1615
Calculate the highest common divisor of 17906 and 3514.
14
Calculate the greatest common factor of 1532 and 1732.
4
What is the greatest common divisor of 22081 and 497?
71
Calculate the greatest common factor of 169 and 151541.
13
What is the highest common divisor of 10400568 and 24?
24
Calculate the greatest common divisor of 273011 and 209.
19
Calculate the greatest common divisor of 1215 and 297918.
243
What is the highest common factor of 533 and 75?
1
What is the highest common divisor of 37704 and 24?
24
What is the greatest common divisor of 105 and 16779?
21
Calculate the highest common factor of 5750 and 320.
10
Calculate the highest common factor of 245 and 35665.
35
What is the highest common divisor of 29707 and 61?
61
What is the greatest common factor of 78329 and 74?
37
What is the greatest common factor of 12507 and 627?
33
Calculate the highest common factor of 266 and 35188.
38
What is the greatest common divisor of 1552 and 438731?
97
What is the highest common factor of 4151 and 591814?
593
What is the highest common factor of 2237749 and 1713?
571
Calculate the greatest common divisor of 212 and 183857.
53
What is the highest common divisor of 63563 and 34?
17
What is the greatest common divisor of 1260 and 33012?
252
Calculate the greatest common divisor of 200116 and 196.
196
What is the greatest common divisor of 9039 and 1441?
131
Calculate the greatest common factor of 228 and 343596.
228
What is the greatest common divisor of 46079 and 1633?
71
What is the highest common factor of 26 and 1226576?
26
Calculate the greatest common divisor of 43405 and 8.
1
What is the highest common factor of 3522 and 786?
6
Calculate the highest common divisor of 272 and 123352.
136
Calculate the greatest common divisor of 811089 and 9.
9
Calculate the highest common factor of 2071 and 3211.
19
What is the greatest common divisor of 4470 and 573054?
894
Calculate the greatest common divisor of 105 and 28053.
3
What is the greatest common divisor of 174 and 353104?
58
Calculate the highest common factor of 464 and 986.
58
What is the highest common factor of 6839 and 189?
7
Calculate the highest common divisor of 410 and 2018717.
41
What is the highest common divisor of 21784 and 35?
7
Calculate the greatest common divisor of 216 and 888.
24
What is the greatest common factor of 1231998 and 749?
107
Calculate the highest common divisor of 58294 and 2.
2
What is the greatest common divisor of 27 and 15765?
3
Calculate the greatest common divisor of 1992 and 46314.
498
Calculate the highest common divisor of 286 and 918203.
143
Calculate the highest common divisor of 13050 and 850.
50
Calculate the greatest common divisor of 88904 and 80.
8
What is the highest common factor of 1152 and 2205?
9
Calculate the greatest common divisor of 50084 and 4.
4
Calculate the highest common factor of 3551 and 1219.
53
Calculate the greatest common factor of 264 and 6424.
88
C